{"id":944,"date":"2026-03-06T12:51:51","date_gmt":"2026-03-06T11:51:51","guid":{"rendered":"https:\/\/016school.bbsw-worms.de\/?page_id=944"},"modified":"2026-03-06T12:53:38","modified_gmt":"2026-03-06T11:53:38","slug":"lukas","status":"publish","type":"page","link":"https:\/\/016school.bbsw-worms.de\/?page_id=944","title":{"rendered":"Lukas"},"content":{"rendered":"\t\t<div data-elementor-type=\"wp-page\" data-elementor-id=\"944\" class=\"elementor elementor-944\">\n\t\t\t\t<div class=\"elementor-element elementor-element-75ea27b e-flex e-con-boxed e-con e-parent\" data-id=\"75ea27b\" data-element_type=\"container\" data-e-type=\"container\">\n\t\t\t\t\t<div class=\"e-con-inner\">\n\t\t<div class=\"elementor-element elementor-element-9f077fb e-con-full e-flex e-con e-child\" data-id=\"9f077fb\" data-element_type=\"container\" data-e-type=\"container\">\n\t\t\t\t<div class=\"elementor-element elementor-element-ec38422 elementor-widget elementor-widget-image\" data-id=\"ec38422\" data-element_type=\"widget\" data-e-type=\"widget\" data-widget_type=\"image.default\">\n\t\t\t\t\t\t\t\t\t\t\t\t\t\t\t<img fetchpriority=\"high\" decoding=\"async\" width=\"800\" height=\"800\" src=\"https:\/\/016school.bbsw-worms.de\/wp-content\/uploads\/2026\/03\/MA-Website-Philipp-1.webp\" class=\"attachment-large size-large wp-image-914\" alt=\"\" srcset=\"https:\/\/016school.bbsw-worms.de\/wp-content\/uploads\/2026\/03\/MA-Website-Philipp-1.webp 900w, https:\/\/016school.bbsw-worms.de\/wp-content\/uploads\/2026\/03\/MA-Website-Philipp-1-300x300.webp 300w, https:\/\/016school.bbsw-worms.de\/wp-content\/uploads\/2026\/03\/MA-Website-Philipp-1-150x150.webp 150w, https:\/\/016school.bbsw-worms.de\/wp-content\/uploads\/2026\/03\/MA-Website-Philipp-1-768x768.webp 768w\" sizes=\"(max-width: 800px) 100vw, 800px\" \/>\t\t\t\t\t\t\t\t\t\t\t\t\t\t\t<\/div>\n\t\t<div class=\"elementor-element elementor-element-5d4be21 e-con-full e-flex e-con e-child\" data-id=\"5d4be21\" data-element_type=\"container\" data-e-type=\"container\">\n\t\t\t\t<div class=\"elementor-element elementor-element-07b5c34 elementor-widget elementor-widget-heading\" data-id=\"07b5c34\" data-element_type=\"widget\" data-e-type=\"widget\" data-widget_type=\"heading.default\">\n\t\t\t\t\t<h4 class=\"elementor-heading-title elementor-size-default\">Lukas<\/h4>\t\t\t\t<\/div>\n\t\t\t\t<div class=\"elementor-element elementor-element-7072485 elementor-widget elementor-widget-text-editor\" data-id=\"7072485\" data-element_type=\"widget\" data-e-type=\"widget\" data-widget_type=\"text-editor.default\">\n\t\t\t\t\t\t\t\t\t<p>R\u00f6stmeister<\/p>\t\t\t\t\t\t\t\t<\/div>\n\t\t\t\t<div class=\"elementor-element elementor-element-ea5570f elementor-icon-list--layout-traditional elementor-list-item-link-full_width elementor-widget elementor-widget-icon-list\" data-id=\"ea5570f\" data-element_type=\"widget\" data-e-type=\"widget\" data-widget_type=\"icon-list.default\">\n\t\t\t\t\t\t\t<ul class=\"elementor-icon-list-items\">\n\t\t\t\t\t\t\t<li class=\"elementor-icon-list-item\">\n\t\t\t\t\t\t\t\t\t\t\t<a href=\"mailto:lukas@bohneundblatt.de\">\n\n\t\t\t\t\t\t\t\t\t\t\t<span class=\"elementor-icon-list-text\">lukas@bohneundblatt.de<\/span>\n\t\t\t\t\t\t\t\t\t\t\t<\/a>\n\t\t\t\t\t\t\t\t\t<\/li>\n\t\t\t\t\t\t<\/ul>\n\t\t\t\t\t\t<\/div>\n\t\t\t\t<\/div>\n\t\t\t\t<\/div>\n\t\t<div class=\"elementor-element elementor-element-5499757 e-con-full e-flex e-con e-child\" data-id=\"5499757\" data-element_type=\"container\" data-e-type=\"container\">\n\t\t\t\t<div class=\"elementor-element elementor-element-743ab75 elementor-widget elementor-widget-text-editor\" data-id=\"743ab75\" data-element_type=\"widget\" data-e-type=\"widget\" data-widget_type=\"text-editor.default\">\n\t\t\t\t\t\t\t\t\t<p><span style=\"font-weight: 400;\">Lukas \u2013 Der R\u00f6stmeister<\/span><\/p><ul><li><span style=\"font-weight: 400;\"><strong> Aufgaben<\/strong>: Qualit\u00e4tskontrolle, R\u00f6stprofil-Entwicklung und Leitung der R\u00f6sterei.<\/span><\/li><li><span style=\"font-weight: 400;\"><strong> \u00dcber ihn<\/strong>: Lukas ist ein Perfektionist an der Trommelr\u00f6stmaschine. Mit feiner Nase bestimmt er den perfekten Zeitpunkt, wann die Bohnen aus der Trommel m\u00fcssen. In seinem Blog (den du auf der Website hast) teilt er sein Wissen \u00fcber R\u00f6stkurven und Aromenentwicklung.<\/span><\/li><\/ul>\t\t\t\t\t\t\t\t<\/div>\n\t\t\t\t<\/div>\n\t\t\t\t\t<\/div>\n\t\t\t\t<\/div>\n\t\t\t\t<\/div>\n\t\t","protected":false},"excerpt":{"rendered":"<p>Lukas R\u00f6stmeister lukas@bohneundblatt.de Lukas \u2013 Der R\u00f6stmeister Aufgaben: Qualit\u00e4tskontrolle, R\u00f6stprofil-Entwicklung und Leitung der R\u00f6sterei. \u00dcber ihn: Lukas ist ein Perfektionist an der Trommelr\u00f6stmaschine. Mit feiner Nase bestimmt er den perfekten Zeitpunkt, wann die Bohnen aus der Trommel m\u00fcssen. In seinem Blog (den du auf der Website hast) teilt er sein Wissen \u00fcber R\u00f6stkurven und Aromenentwicklung.<\/p>\n","protected":false},"author":2,"featured_media":0,"parent":0,"menu_order":0,"comment_status":"closed","ping_status":"closed","template":"","meta":{"footnotes":""},"class_list":["post-944","page","type-page","status-publish","hentry"],"_links":{"self":[{"href":"https:\/\/016school.bbsw-worms.de\/index.php?rest_route=\/wp\/v2\/pages\/944","targetHints":{"allow":["GET"]}}],"collection":[{"href":"https:\/\/016school.bbsw-worms.de\/index.php?rest_route=\/wp\/v2\/pages"}],"about":[{"href":"https:\/\/016school.bbsw-worms.de\/index.php?rest_route=\/wp\/v2\/types\/page"}],"author":[{"embeddable":true,"href":"https:\/\/016school.bbsw-worms.de\/index.php?rest_route=\/wp\/v2\/users\/2"}],"replies":[{"embeddable":true,"href":"https:\/\/016school.bbsw-worms.de\/index.php?rest_route=%2Fwp%2Fv2%2Fcomments&post=944"}],"version-history":[{"count":4,"href":"https:\/\/016school.bbsw-worms.de\/index.php?rest_route=\/wp\/v2\/pages\/944\/revisions"}],"predecessor-version":[{"id":948,"href":"https:\/\/016school.bbsw-worms.de\/index.php?rest_route=\/wp\/v2\/pages\/944\/revisions\/948"}],"wp:attachment":[{"href":"https:\/\/016school.bbsw-worms.de\/index.php?rest_route=%2Fwp%2Fv2%2Fmedia&parent=944"}],"curies":[{"name":"wp","href":"https:\/\/api.w.org\/{rel}","templated":true}]}}