{"id":937,"date":"2026-03-06T12:48:20","date_gmt":"2026-03-06T11:48:20","guid":{"rendered":"https:\/\/016school.bbsw-worms.de\/?page_id=937"},"modified":"2026-03-06T12:51:24","modified_gmt":"2026-03-06T11:51:24","slug":"elena","status":"publish","type":"page","link":"https:\/\/016school.bbsw-worms.de\/?page_id=937","title":{"rendered":"Elena"},"content":{"rendered":"\t\t<div data-elementor-type=\"wp-page\" data-elementor-id=\"937\" class=\"elementor elementor-937\">\n\t\t\t\t<div class=\"elementor-element elementor-element-80c80b0 e-flex e-con-boxed e-con e-parent\" data-id=\"80c80b0\" data-element_type=\"container\" data-e-type=\"container\">\n\t\t\t\t\t<div class=\"e-con-inner\">\n\t\t<div class=\"elementor-element elementor-element-afb92e1 e-con-full e-flex e-con e-child\" data-id=\"afb92e1\" data-element_type=\"container\" data-e-type=\"container\">\n\t\t\t\t<div class=\"elementor-element elementor-element-91bfdd1 elementor-widget elementor-widget-image\" data-id=\"91bfdd1\" data-element_type=\"widget\" data-e-type=\"widget\" data-widget_type=\"image.default\">\n\t\t\t\t\t\t\t\t\t\t\t\t\t\t\t<img fetchpriority=\"high\" decoding=\"async\" width=\"800\" height=\"800\" src=\"https:\/\/016school.bbsw-worms.de\/wp-content\/uploads\/2026\/03\/MA-Website-Anna-2.webp\" class=\"attachment-large size-large wp-image-915\" alt=\"\" srcset=\"https:\/\/016school.bbsw-worms.de\/wp-content\/uploads\/2026\/03\/MA-Website-Anna-2.webp 900w, https:\/\/016school.bbsw-worms.de\/wp-content\/uploads\/2026\/03\/MA-Website-Anna-2-300x300.webp 300w, https:\/\/016school.bbsw-worms.de\/wp-content\/uploads\/2026\/03\/MA-Website-Anna-2-150x150.webp 150w, https:\/\/016school.bbsw-worms.de\/wp-content\/uploads\/2026\/03\/MA-Website-Anna-2-768x768.webp 768w\" sizes=\"(max-width: 800px) 100vw, 800px\" \/>\t\t\t\t\t\t\t\t\t\t\t\t\t\t\t<\/div>\n\t\t<div class=\"elementor-element elementor-element-dc5af03 e-con-full e-flex e-con e-child\" data-id=\"dc5af03\" data-element_type=\"container\" data-e-type=\"container\">\n\t\t\t\t<div class=\"elementor-element elementor-element-f3c3c29 elementor-widget elementor-widget-heading\" data-id=\"f3c3c29\" data-element_type=\"widget\" data-e-type=\"widget\" data-widget_type=\"heading.default\">\n\t\t\t\t\t<h4 class=\"elementor-heading-title elementor-size-default\">Elena <\/h4>\t\t\t\t<\/div>\n\t\t\t\t<div class=\"elementor-element elementor-element-debf969 elementor-widget elementor-widget-text-editor\" data-id=\"debf969\" data-element_type=\"widget\" data-e-type=\"widget\" data-widget_type=\"text-editor.default\">\n\t\t\t\t\t\t\t\t\t<p>Gr\u00fcnderin und Vision\u00e4rin<\/p>\t\t\t\t\t\t\t\t<\/div>\n\t\t\t\t<div class=\"elementor-element elementor-element-7db6eb5 elementor-icon-list--layout-traditional elementor-list-item-link-full_width elementor-widget elementor-widget-icon-list\" data-id=\"7db6eb5\" data-element_type=\"widget\" data-e-type=\"widget\" data-widget_type=\"icon-list.default\">\n\t\t\t\t\t\t\t<ul class=\"elementor-icon-list-items\">\n\t\t\t\t\t\t\t<li class=\"elementor-icon-list-item\">\n\t\t\t\t\t\t\t\t\t\t\t<a href=\"mailto:elena@bohneundblatt.de\">\n\n\t\t\t\t\t\t\t\t\t\t\t<span class=\"elementor-icon-list-text\">elena@bohneundblatt.de<\/span>\n\t\t\t\t\t\t\t\t\t\t\t<\/a>\n\t\t\t\t\t\t\t\t\t<\/li>\n\t\t\t\t\t\t<\/ul>\n\t\t\t\t\t\t<\/div>\n\t\t\t\t<\/div>\n\t\t\t\t<\/div>\n\t\t<div class=\"elementor-element elementor-element-f75c2f3 e-con-full e-flex e-con e-child\" data-id=\"f75c2f3\" data-element_type=\"container\" data-e-type=\"container\">\n\t\t\t\t<div class=\"elementor-element elementor-element-337ea8e elementor-widget elementor-widget-text-editor\" data-id=\"337ea8e\" data-element_type=\"widget\" data-e-type=\"widget\" data-widget_type=\"text-editor.default\">\n\t\t\t\t\t\t\t\t\t<p><span style=\"font-weight: 400;\">Elena \u2013 Gr\u00fcnderin &amp; Vision\u00e4rin<\/span><\/p><ul><li><span style=\"font-weight: 400;\"><strong> Aufgaben<\/strong>: Gesch\u00e4ftsf\u00fchrung, Strategie und Auswahl der Kaffeebauern weltweit.<\/span><\/li><li><span style=\"font-weight: 400;\"><strong> \u00dcber sie<\/strong>: Elena gr\u00fcndete \u201eBohnen &amp; Blatt\u201c aus der Leidenschaft f\u00fcr fairen Handel heraus. Sie verbringt viel Zeit in den Ursprungsl\u00e4ndern, um sicherzustellen, dass jede Bohne unseren ethischen Standards entspricht. Sie ist das Herz des Unternehmens und liebt ihren Kaffee am liebsten pur als Espresso.<\/span><\/li><\/ul>\t\t\t\t\t\t\t\t<\/div>\n\t\t\t\t<\/div>\n\t\t\t\t\t<\/div>\n\t\t\t\t<\/div>\n\t\t\t\t<\/div>\n\t\t","protected":false},"excerpt":{"rendered":"<p>Elena Gr\u00fcnderin und Vision\u00e4rin elena@bohneundblatt.de Elena \u2013 Gr\u00fcnderin &amp; Vision\u00e4rin Aufgaben: Gesch\u00e4ftsf\u00fchrung, Strategie und Auswahl der Kaffeebauern weltweit. \u00dcber sie: Elena gr\u00fcndete \u201eBohnen &amp; Blatt\u201c aus der Leidenschaft f\u00fcr fairen Handel heraus. Sie verbringt viel Zeit in den Ursprungsl\u00e4ndern, um sicherzustellen, dass jede Bohne unseren ethischen Standards entspricht. Sie ist das Herz des Unternehmens und [&hellip;]<\/p>\n","protected":false},"author":2,"featured_media":0,"parent":0,"menu_order":0,"comment_status":"closed","ping_status":"closed","template":"","meta":{"footnotes":""},"class_list":["post-937","page","type-page","status-publish","hentry"],"_links":{"self":[{"href":"https:\/\/016school.bbsw-worms.de\/index.php?rest_route=\/wp\/v2\/pages\/937","targetHints":{"allow":["GET"]}}],"collection":[{"href":"https:\/\/016school.bbsw-worms.de\/index.php?rest_route=\/wp\/v2\/pages"}],"about":[{"href":"https:\/\/016school.bbsw-worms.de\/index.php?rest_route=\/wp\/v2\/types\/page"}],"author":[{"embeddable":true,"href":"https:\/\/016school.bbsw-worms.de\/index.php?rest_route=\/wp\/v2\/users\/2"}],"replies":[{"embeddable":true,"href":"https:\/\/016school.bbsw-worms.de\/index.php?rest_route=%2Fwp%2Fv2%2Fcomments&post=937"}],"version-history":[{"count":3,"href":"https:\/\/016school.bbsw-worms.de\/index.php?rest_route=\/wp\/v2\/pages\/937\/revisions"}],"predecessor-version":[{"id":943,"href":"https:\/\/016school.bbsw-worms.de\/index.php?rest_route=\/wp\/v2\/pages\/937\/revisions\/943"}],"wp:attachment":[{"href":"https:\/\/016school.bbsw-worms.de\/index.php?rest_route=%2Fwp%2Fv2%2Fmedia&parent=937"}],"curies":[{"name":"wp","href":"https:\/\/api.w.org\/{rel}","templated":true}]}}